{"id":743,"date":"2023-02-16T07:25:25","date_gmt":"2023-02-16T07:25:25","guid":{"rendered":"https:\/\/courirenlayon.fr\/?page_id=743"},"modified":"2026-01-29T21:39:03","modified_gmt":"2026-01-29T21:39:03","slug":"courir-en-layon","status":"publish","type":"page","link":"https:\/\/courirenlayon.fr\/?page_id=743","title":{"rendered":"COURIR EN LAYON"},"content":{"rendered":"\n<p>En 2001, l&rsquo;association Courir en Layon \u00e9tait cr\u00e9\u00e9e. Et dans la foul\u00e9e, la premi\u00e8re \u00e9dition du Trail du Layon voyait le jour. Pendant 6 ans, les pionniers du trail en Maine et Loire offraient aux coureurs la joie d&rsquo;arpenter les sentiers de nos coteaux du Layon, jusqu&rsquo;\u00e0 la derni\u00e8re \u00e9dition de 2006.<\/p>\n\n\n\n<p>Apr\u00e8s avoir organis\u00e9 des \u00e9preuves sous d&rsquo;autres formes depuis cet arr\u00eat, et cr\u00e9\u00e9 notamment la Translayon, nous avons d\u00e9cid\u00e9 de remonter la course et de l&rsquo;inscrire au calendrier d\u00e9partemental en 2020.<\/p>\n\n\n\n<p>Les \u00e9chos furent tr\u00e8s favorables, tant dans la communaut\u00e9 des coureurs qu&rsquo;aupr\u00e8s des collectivit\u00e9s impliqu\u00e9es dans ce projet. <\/p>\n\n\n\n<p>550 coureurs en 2020, 580 en 2021, 510 en 2022 et 500 depuis 2023. Soit le nombre de dossards  maximum souhait\u00e9 par Courir en Layon. <\/p>\n\n\n\n<p>80 b\u00e9n\u00e9voles de l&rsquo;association et de St Lambert du Lattay principalement permettent l&rsquo;organisation de cet \u00e9v\u00e8nement.<\/p>\n\n\n\n<p>Courir en Layon, c&rsquo;est 40 membres qui se retrouvent autour de l&rsquo;esprit trail : convivialit\u00e9, simplicit\u00e9, partage et solidarit\u00e9.<\/p>\n\n\n\n<p>Nous nous retrouvons tous les dimanches \u00e0 9h au parking de Pont Barr\u00e9 pour la sortie longue, les sorties conviviales et les entra\u00eenements plus intensifs.<\/p>\n\n\n\n<p>Au plaisir de vous y rencontrer !<\/p>\n\n\n\n<figure class=\"wp-block-image size-full\"><img loading=\"lazy\" decoding=\"async\" width=\"2560\" height=\"1440\" src=\"https:\/\/courirenlayon.fr\/wp-content\/uploads\/2026\/01\/TDL-2026-scaled.jpg\" alt=\"\" class=\"wp-image-1111\" srcset=\"https:\/\/courirenlayon.fr\/wp-content\/uploads\/2026\/01\/TDL-2026-scaled.jpg 2560w, https:\/\/courirenlayon.fr\/wp-content\/uploads\/2026\/01\/TDL-2026-300x169.jpg 300w, https:\/\/courirenlayon.fr\/wp-content\/uploads\/2026\/01\/TDL-2026-1024x576.jpg 1024w, https:\/\/courirenlayon.fr\/wp-content\/uploads\/2026\/01\/TDL-2026-768x432.jpg 768w, https:\/\/courirenlayon.fr\/wp-content\/uploads\/2026\/01\/TDL-2026-1536x864.jpg 1536w, https:\/\/courirenlayon.fr\/wp-content\/uploads\/2026\/01\/TDL-2026-2048x1152.jpg 2048w, https:\/\/courirenlayon.fr\/wp-content\/uploads\/2026\/01\/TDL-2026-678x381.jpg 678w\" sizes=\"auto, (max-width: 2560px) 100vw, 2560px\" \/><\/figure>\n","protected":false},"excerpt":{"rendered":"<div class=\"mh-excerpt\"><p>En 2001, l&rsquo;association Courir en Layon \u00e9tait cr\u00e9\u00e9e. Et dans la foul\u00e9e, la premi\u00e8re \u00e9dition du Trail du Layon voyait le jour. Pendant 6 ans, <a class=\"mh-excerpt-more\" href=\"https:\/\/courirenlayon.fr\/?page_id=743\" title=\"COURIR EN LAYON\">[&#8230;]<\/a><\/p>\n<\/div>","protected":false},"author":1,"featured_media":0,"parent":0,"menu_order":0,"comment_status":"closed","ping_status":"closed","template":"","meta":{"ngg_post_thumbnail":0,"footnotes":""},"class_list":["post-743","page","type-page","status-publish","hentry"],"_links":{"self":[{"href":"https:\/\/courirenlayon.fr\/index.php?rest_route=\/wp\/v2\/pages\/743","targetHints":{"allow":["GET"]}}],"collection":[{"href":"https:\/\/courirenlayon.fr\/index.php?rest_route=\/wp\/v2\/pages"}],"about":[{"href":"https:\/\/courirenlayon.fr\/index.php?rest_route=\/wp\/v2\/types\/page"}],"author":[{"embeddable":true,"href":"https:\/\/courirenlayon.fr\/index.php?rest_route=\/wp\/v2\/users\/1"}],"replies":[{"embeddable":true,"href":"https:\/\/courirenlayon.fr\/index.php?rest_route=%2Fwp%2Fv2%2Fcomments&post=743"}],"version-history":[{"count":8,"href":"https:\/\/courirenlayon.fr\/index.php?rest_route=\/wp\/v2\/pages\/743\/revisions"}],"predecessor-version":[{"id":1115,"href":"https:\/\/courirenlayon.fr\/index.php?rest_route=\/wp\/v2\/pages\/743\/revisions\/1115"}],"wp:attachment":[{"href":"https:\/\/courirenlayon.fr\/index.php?rest_route=%2Fwp%2Fv2%2Fmedia&parent=743"}],"curies":[{"name":"wp","href":"https:\/\/api.w.org\/{rel}","templated":true}]}}

<p>En 2001, l&rsquo;association Courir en Layon était créée. Et dans la foulée, la première édition du Trail du Layon voyait le jour. Pendant 6 ans, les pionniers du trail en Maine et Loire offraient aux coureurs la joie d&rsquo;arpenter les sentiers de nos coteaux du Layon, jusqu&rsquo;à la dernière édition de 2006.</p>



<p>Après avoir organisé des épreuves sous d&rsquo;autres formes depuis cet arrêt, et créé notamment la Translayon, nous avons décidé de remonter la course et de l&rsquo;inscrire au calendrier départemental en 2020.</p>



<p>Les échos furent très favorables, tant dans la communauté des coureurs qu&rsquo;auprès des collectivités impliquées dans ce projet. </p>



<p>550 coureurs en 2020, 580 en 2021, 510 en 2022 et 500 depuis 2023. Soit le nombre de dossards  maximum souhaité par Courir en Layon. </p>



<p>80 bénévoles de l&rsquo;association et de St Lambert du Lattay principalement permettent l&rsquo;organisation de cet évènement.</p>



<p>Courir en Layon, c&rsquo;est 40 membres qui se retrouvent autour de l&rsquo;esprit trail : convivialité, simplicité, partage et solidarité.</p>



<p>Nous nous retrouvons tous les dimanches à 9h au parking de Pont Barré pour la sortie longue, les sorties conviviales et les entraînements plus intensifs.</p>



<p>Au plaisir de vous y rencontrer !</p>



<figure class="wp-block-image size-full"><img loading="lazy" decoding="async" width="2560" height="1440" src="https://courirenlayon.fr/wp-content/uploads/2026/01/TDL-2026-scaled.jpg" alt="" class="wp-image-1111" srcset="https://courirenlayon.fr/wp-content/uploads/2026/01/TDL-2026-scaled.jpg 2560w, https://courirenlayon.fr/wp-content/uploads/2026/01/TDL-2026-300x169.jpg 300w, https://courirenlayon.fr/wp-content/uploads/2026/01/TDL-2026-1024x576.jpg 1024w, https://courirenlayon.fr/wp-content/uploads/2026/01/TDL-2026-768x432.jpg 768w, https://courirenlayon.fr/wp-content/uploads/2026/01/TDL-2026-1536x864.jpg 1536w, https://courirenlayon.fr/wp-content/uploads/2026/01/TDL-2026-2048x1152.jpg 2048w, https://courirenlayon.fr/wp-content/uploads/2026/01/TDL-2026-678x381.jpg 678w" sizes="auto, (max-width: 2560px) 100vw, 2560px" /></figure>

<div class="mh-excerpt"><p>En 2001, l&rsquo;association Courir en Layon était créée. Et dans la foulée, la première édition du Trail du Layon voyait le jour. Pendant 6 ans, <a class="mh-excerpt-more" href="https://courirenlayon.fr/?page_id=743" title="COURIR EN LAYON">[&#8230;]</a></p>
</div>
