{"id":282,"date":"2019-12-21T06:39:16","date_gmt":"2019-12-21T06:39:16","guid":{"rendered":"http:\/\/courirenlayon.fr\/?page_id=282"},"modified":"2026-01-28T18:11:31","modified_gmt":"2026-01-28T18:11:31","slug":"28-km","status":"publish","type":"page","link":"https:\/\/courirenlayon.fr\/?page_id=282","title":{"rendered":"29K"},"content":{"rendered":"\n<p>Le 29 km, distance historique des Trails du Layon, change de parcours. Il faudra de l&rsquo;endurance et de l&rsquo;entra\u00eenement pour ne pas subir les 700m de d\u00e9nivel\u00e9 propos\u00e9s sur ce parcours.<\/p>\n\n\n\n<p>Jusqu&rsquo;au lieu-dit Pont Barr\u00e9, la trac\u00e9 est le m\u00eame que pour le 17 km.<\/p>\n\n\n\n<p>A cet endroit, vous effectuerez une boucle de 11,5km sur les coteaux de Beaulieu sur Layon : GR3, Balcon des Piquets, Saillanderie, Mulonni\u00e8re, C\u00f4te du Moulin des Cinq, Le Foss\u00e9 et la Sangli\u00e8re. Quelques belles c\u00f4tes au programme !<\/p>\n\n\n\n<p>La fin du parcours est la m\u00eame que celle du 17km.<\/p>\n\n\n\n<iframe src=\"https:\/\/tracedetrail.fr\/fr\/iframe\/7466\" allowfullscreen style=\"border: 0;width: 100%; height: 800px;\" scrolling=\"no\"><\/iframe>\n\n\n\nngg_shortcode_0_placeholder\n","protected":false},"excerpt":{"rendered":"<div class=\"mh-excerpt\"><p>Le 29 km, distance historique des Trails du Layon, change de parcours. Il faudra de l&rsquo;endurance et de l&rsquo;entra\u00eenement pour ne pas subir les 700m <a class=\"mh-excerpt-more\" href=\"https:\/\/courirenlayon.fr\/?page_id=282\" title=\"29K\">[&#8230;]<\/a><\/p>\n<\/div>","protected":false},"author":1,"featured_media":0,"parent":0,"menu_order":0,"comment_status":"closed","ping_status":"closed","template":"","meta":{"ngg_post_thumbnail":0,"footnotes":""},"class_list":["post-282","page","type-page","status-publish","hentry"],"_links":{"self":[{"href":"https:\/\/courirenlayon.fr\/index.php?rest_route=\/wp\/v2\/pages\/282","targetHints":{"allow":["GET"]}}],"collection":[{"href":"https:\/\/courirenlayon.fr\/index.php?rest_route=\/wp\/v2\/pages"}],"about":[{"href":"https:\/\/courirenlayon.fr\/index.php?rest_route=\/wp\/v2\/types\/page"}],"author":[{"embeddable":true,"href":"https:\/\/courirenlayon.fr\/index.php?rest_route=\/wp\/v2\/users\/1"}],"replies":[{"embeddable":true,"href":"https:\/\/courirenlayon.fr\/index.php?rest_route=%2Fwp%2Fv2%2Fcomments&post=282"}],"version-history":[{"count":17,"href":"https:\/\/courirenlayon.fr\/index.php?rest_route=\/wp\/v2\/pages\/282\/revisions"}],"predecessor-version":[{"id":1078,"href":"https:\/\/courirenlayon.fr\/index.php?rest_route=\/wp\/v2\/pages\/282\/revisions\/1078"}],"wp:attachment":[{"href":"https:\/\/courirenlayon.fr\/index.php?rest_route=%2Fwp%2Fv2%2Fmedia&parent=282"}],"curies":[{"name":"wp","href":"https:\/\/api.w.org\/{rel}","templated":true}]}}

<p>Le 29 km, distance historique des Trails du Layon, change de parcours. Il faudra de l&rsquo;endurance et de l&rsquo;entraînement pour ne pas subir les 700m de dénivelé proposés sur ce parcours.</p>



<p>Jusqu&rsquo;au lieu-dit Pont Barré, la tracé est le même que pour le 17 km.</p>



<p>A cet endroit, vous effectuerez une boucle de 11,5km sur les coteaux de Beaulieu sur Layon : GR3, Balcon des Piquets, Saillanderie, Mulonnière, Côte du Moulin des Cinq, Le Fossé et la Sanglière. Quelques belles côtes au programme !</p>



<p>La fin du parcours est la même que celle du 17km.</p>



<iframe src="https://tracedetrail.fr/fr/iframe/7466" allowfullscreen style="border: 0;width: 100%; height: 800px;" scrolling="no"></iframe>



ngg_shortcode_0_placeholder

<div class="mh-excerpt"><p>Le 29 km, distance historique des Trails du Layon, change de parcours. Il faudra de l&rsquo;endurance et de l&rsquo;entraînement pour ne pas subir les 700m <a class="mh-excerpt-more" href="https://courirenlayon.fr/?page_id=282" title="29K">[&#8230;]</a></p>
</div>
