{"id":199,"date":"2017-10-14T05:19:51","date_gmt":"2017-10-14T05:19:51","guid":{"rendered":"http:\/\/courirenlayon.fr\/?page_id=199"},"modified":"2026-03-15T21:27:25","modified_gmt":"2026-03-15T21:27:25","slug":"programme","status":"publish","type":"page","link":"https:\/\/courirenlayon.fr\/?page_id=199","title":{"rendered":"PROGRAMME"},"content":{"rendered":"\n<p>Voici le programme des Trails du Layon 2026, le <strong>Dimanche<\/strong> <strong>27\/09<\/strong><\/p>\n\n\n\n<p>7h00 : retrait des dossards<br>8h00 : d\u00e9part 46K<br>9h00 : d\u00e9part 29K<br>9h30 : d\u00e9part 18K<\/p>\n\n\n\n<p>11h : podium 18K<br>12h30 : podium 29K<br>13h : podium 46K<br><br><\/p>\n\n\n\nngg_shortcode_0_placeholder\n","protected":false},"excerpt":{"rendered":"<div class=\"mh-excerpt\"><p>Voici le programme des Trails du Layon 2026, le Dimanche 27\/09 7h00 : retrait des dossards8h00 : d\u00e9part 46K9h00 : d\u00e9part 29K9h30 : d\u00e9part 18K <a class=\"mh-excerpt-more\" href=\"https:\/\/courirenlayon.fr\/?page_id=199\" title=\"PROGRAMME\">[&#8230;]<\/a><\/p>\n<\/div>","protected":false},"author":1,"featured_media":0,"parent":0,"menu_order":0,"comment_status":"closed","ping_status":"closed","template":"","meta":{"ngg_post_thumbnail":0,"footnotes":""},"class_list":["post-199","page","type-page","status-publish","hentry"],"_links":{"self":[{"href":"https:\/\/courirenlayon.fr\/index.php?rest_route=\/wp\/v2\/pages\/199","targetHints":{"allow":["GET"]}}],"collection":[{"href":"https:\/\/courirenlayon.fr\/index.php?rest_route=\/wp\/v2\/pages"}],"about":[{"href":"https:\/\/courirenlayon.fr\/index.php?rest_route=\/wp\/v2\/types\/page"}],"author":[{"embeddable":true,"href":"https:\/\/courirenlayon.fr\/index.php?rest_route=\/wp\/v2\/users\/1"}],"replies":[{"embeddable":true,"href":"https:\/\/courirenlayon.fr\/index.php?rest_route=%2Fwp%2Fv2%2Fcomments&post=199"}],"version-history":[{"count":22,"href":"https:\/\/courirenlayon.fr\/index.php?rest_route=\/wp\/v2\/pages\/199\/revisions"}],"predecessor-version":[{"id":1119,"href":"https:\/\/courirenlayon.fr\/index.php?rest_route=\/wp\/v2\/pages\/199\/revisions\/1119"}],"wp:attachment":[{"href":"https:\/\/courirenlayon.fr\/index.php?rest_route=%2Fwp%2Fv2%2Fmedia&parent=199"}],"curies":[{"name":"wp","href":"https:\/\/api.w.org\/{rel}","templated":true}]}}

<p>Voici le programme des Trails du Layon 2026, le <strong>Dimanche</strong> <strong>27/09</strong></p>



<p>7h00 : retrait des dossards<br>8h00 : départ 46K<br>9h00 : départ 29K<br>9h30 : départ 18K</p>



<p>11h : podium 18K<br>12h30 : podium 29K<br>13h : podium 46K<br><br></p>



ngg_shortcode_0_placeholder

<div class="mh-excerpt"><p>Voici le programme des Trails du Layon 2026, le Dimanche 27/09 7h00 : retrait des dossards8h00 : départ 46K9h00 : départ 29K9h30 : départ 18K <a class="mh-excerpt-more" href="https://courirenlayon.fr/?page_id=199" title="PROGRAMME">[&#8230;]</a></p>
</div>
